2).
23
Let g = 1732 - 1730. Let p(s) = s**2 - 5*s + 1. Give p(g).
-5
Suppose -16 = -z + 4*n, z - 5*n = 2 + 18. Let q(f) = 5*f**3 - f**2 - 5*f + 8. Let d(y) = -y**3 + y. Let a(k) = 4*d(k) + q(k). Determine a(z).
8
Let t = -6 + 12. Let x(m) be the second derivative of m**5/120 - 3*m**4/8 - 4*m**3/3 + 11*m. Let g(l) be the second derivative of x(l). What is g(t)?
-3
Let c(v) = -7*v - 2. Suppose -3*x + 6 = q + 3, -9 = 3*x + 5*q. Suppose x = g - 0*g. Suppose 4*f + 2*k + 11 + 7 = 0, 0 = -5*f + g*k. Calculate c(f).
12
Let i(u) = 9*u**2 + 5 - 2*u**2 + u + 4*u - 8*u**2. Give i(6).
-1
Suppose 5*w + 8 = l + 3, 7 = -w - l. Let b(y) = 17*y**3 + 11*y**2 + 8*y + 17. Let c(g) = 6*g**3 + 4*g**2 + 3*g + 6. Let m(h) = 4*b(h) - 11*c(h). What is m(w)?
-12
Let o(g) = 525*g - 2. Let a be o(4). Let q(h) = a - 2098 + h. Give q(9).
9
Let o(g) = -41*g + 79. Let l(x) = 29*x - 53. Let w(c) = 7*l(c) + 5*o(c). Determine w(6).
12
Let t be (-6)/3 - (3 + -1). Let o(w) = -w**2 - 12*w - 14. Let v be o(-10). Let g(b) = 0 - b**2 - 8*b - v + 3*b. Calculate g(t).
-2
Let k(b) be the second derivative of -b**3/3 + 2*b**2 + 4*b. Let q be 1*-5*(-36)/(-30). Let n(t) = -t**2 - 7*t - 2. Let x be n(q). What is k(x)?
-4
Let w(v) be the first derivative of -v**2/2 - v + 129. Calculate w(-4).
3
Let m(s) = -4*s**2 - 4*s + 16. Let k(p) = -5*p**2 - 4*p + 17. Let t(c) = -3*k(c) + 4*m(c). What is t(-6)?
1
Let l(z) be the third derivative of -z**4/4 - z**3/2 - 38*z**2 + z. Give l(1).
-9
Let z(m) be the first derivative of -m**5/60 - 5*m**4/24 - m**3/3 + 2*m**2 + 1. Let g(p) be the second derivative of z(p). Determine g(-5).
-2
Let s(l) be the second derivative of l**5/20 - 5*l**4/12 + l**3/6 + 2*l**2 + 43*l. Give s(3).
-11
Let m = -243 + 247. Let l(j) = 3*j**2 + j - 8. Let q(g) = -5*g**2 - 3*g + 15. Let x(y) = 7*l(y) + 4*q(y). Give x(m).
0
Let s(y) be the second derivative of -y**3/6 - 3*y**2/2 + 2*y + 69. Give s(-8).
5
Let v(l) = l**2 + 9*l + 9. Suppose 5*j + 0*j = 15. Suppose -6*z = j*z + 54. What is v(z)?
-9
Let g = -12 - -15. Suppose g*j + j - 16 = 0. Let k(c) = c**2 - 4*c - 3. Calculate k(j).
-3
Let x(c) = 37*c. Suppose -24*u + 50*u = -26. Determine x(u).
-37
Suppose 4*v - 23 = 1. Let b(c) = c**2 + v - 4 - 4 + c. Let u = 6 - 4. Determine b(u).
4
Let o(b) be the first derivative of b**3/3 + 9*b**2/2 - 4*b - 10. Let k be o(-10). Let h(z) = z - 8. Determine h(k).
-2
Suppose -v - 2*v = 3, -v - 46 = -5*d. Let y be d/6*(-4)/(-2). Let g(n) = -3*n + 4*n**2 + y*n**2 + 4 - 6*n**2 - n. Calculate g(4).
4
Suppose 0 = -2*t + o + 12, 3*t - 15 = -4*o + 3. Let w be (t/(-2))/(1/1). Let d(r) = -7*r + 4. Let n(a) = -5*a + 3. Let q(f) = -3*d(f) + 4*n(f). Determine q(w).
-3
Let q(f) = -f**2 - 7*f + 1. Suppose -8*x + 27 = -9*x. Let c = 21 + x. Give q(c).
7
Let i(z) = z**2 + z - 1. Let k(l) = 6*l**2 - 4*l - 5. Let g(v) = -3*i(v) + k(v). Let m(a) = -7*a**2 + 14*a + 5. Let o(p) = 9*g(p) + 4*m(p). Give o(-7).
2
Let i(c) be the third derivative of -1/24*c**4 - 1/6*c**5 + 0 + 1/6*c**3 + 0*c - 4*c**2. Calculate i(1).
-10
Let k(l) be the third derivative of -l**4/24 - l**3/6 - 18*l**2. Let f(n) = -n**3 - 1. Let t(x) = -2*f(x) + 2*k(x). Give t(2).
12
Let i(c) = c - 8. Let v be 4/14 - (-282)/42. Let z = -1 - 2. Let r be z/(-21) + (-1)/v. What is i(r)?
-8
Let i(s) = -s**3 - 6*s**2 - 3*s - 4. Let w = 46 - 51. Give i(w).
-14
Let u be 6/14 - 462/1764. Let d(b) be the third derivative of 1/24*b**4 + 0 - u*b**3 - 3*b**2 + 0*b. Calculate d(0).
-1
Suppose 5*d - 3*u - 22 = 0, -4*d + 37 - 14 = 3*u. Let r(b) be the first derivative of -b**4/4 + 4*b**3/3 + 3*b**2/2 - 2*b + 1. What is r(d)?
-12
Suppose -5 = -d - 4*d. Let c(g) = 2*g**2 - 25*g + 14. Let t be c(12). Let k(r) = 295 - 25*r**2 - 295 + 9*r**t. What is k(d)?
-16
Let b(a) = 8*a**3 + a**2 + a - 17. Let r(u) = -10*u**3 - u + 19. Let m(t) = -6*b(t) - 5*r(t). Determine m(3).
4
Let o(w) be the second derivative of w**4/3 - w**3/2 + 3*w**2/2 + w. Let r be ((-8)/(-8))/((-4)/(-8)). Give o(r).
13
Let s(y) = -y**3 + 5*y**2 + 9*y - 9. Let w be (-36)/(-42)*(-2 - 5). Let h be (-17)/(-2)*(w - -4). Let b = -11 - h. Give s(b).
9
Let v(y) be the third derivative of 0*y + 1/12*y**4 - 5/3*y**3 + 0 + y**2. Let j be v(8). Let r(x) = -x**2 + 6*x - 6. What is r(j)?
-6
Let i be 2 + -16 - -3 - -6. Let w(v) = -v**3 - 5*v**2 + 3*v - 4. Determine w(i).
-19
Suppose 5*g = 3*j + 49 - 13, 4*g - 3*j = 30. Let z be ((-6)/(-3))/(-2) + 8. Let m(t) = 0*t**3 - 3*t + t**3 - 7*t**2 + z*t + 6. Give m(g).
-6
Let v(y) = -2*y**2 + 3*y + 1. Let i(g) = g + 17. Let r = -19 + 5. Let d be i(r). Determine v(d).
-8
Let a be (-70)/(-18) + (1/9 - 0). Let d(n) = -n**2 + 8*n. Give d(a).
16
Let w = 3 + 6. Let v = 6 - w. Let t(b) = 14 + 2*b**2 - 27 + 8 + b**3 - 5*b + 4*b + 9. Determine t(v).
-2
Suppose 3*b - 7 - 2 = 0. Let a(n) = -b*n + n**2 + 380 - 380. Calculate a(5).
10
Let a(p) = 4*p**2 - 6*p - 1. Let i(z) = -z**2 - z. Let u(l) = -l**3 - 6*l**2 - 1. Let c be u(-6). Let v(b) = c*a(b) + 6*i(b). Give v(-1).
-9
Suppose 19*u - 29 = -219. Let b(q) = q + 3. What is b(u)?
-7
Let u be (-1140)/14 + -3 - (-9)/21. Let s = 76 + u. Let d(i) be the second derivative of i**4/12 + 3*i**3/2 + 5*i**2 + i. Determine d(s).
2
Let h(y) = -y**2 - 2*y. Let i(f) = -36*f - 120. Let b(l) = 7*l + 24. Let u(j) = 21*b(j) + 4*i(j). Let v be u(-9). Determine h(v).
-3
Let o(t) = 76*t**2 + 93*t**2 - 168*t**2. Let i = -7 - -3. Let w(d) = -5*d**2 + 4*d + 5. Let n(c) = i*o(c) - w(c). Give n(4).
-5
Let h(x) = -x**3 - 7*x**2 - 6*x - 2. Let o be h(-6). Let u(w) = 5*w + 1. Let k(b) = 5*b + 2. Let p = 39 - 36. Let l(n) = p*u(n) - 2*k(n). Give l(o).
-11
Let v(s) be the third derivative of -s**5/60 - s**3/6 + 13*s**2 - 34. Suppose 3*i + 3*m + 6 = 0, -2*i = -m - 4 - 1. What is v(i)?
-2
Let n be 66/(-88) + (0 - 44/(-16)). Let o(l) be the second derivative of -1/2*l**n - 9*l - 2/3*l**4 - 1/3*l**3 + 0. Calculate o(-1).
-7
Let h(x) = -19*x**2 - 3*x - 7. Let q(k) = 10*k**2 + 2*k + 4. Let a(p) = 3*h(p) + 5*q(p). Let l = 10360 - 10359. Give a(l).
-7
Let n(b) = b + 17. Suppose 0 = 8*p + 57 + 23. What is n(p)?
7
Suppose -47 = 5*n + 73. Let u be (-116)/n - (-1)/6. Suppose -u = -5*r - 0. Let x(w) = -7*w - 1. Determine x(r).
-8
Let g(h) = 7 - 77*h + 3 - 8 + 78*h. What is g(5)?
7
Let h(s) be the third derivative of -s**5/60 + s**4/8 + s**3/3 + 11*s**2. What is h(6)?
-16
Let x(y) be the third derivative of y**5/60 + 5*y**4/12 - y**3/2 + 2*y**2 - 99. Determine x(-7).
-24
Let f(j) = j**3 + 4*j**2 - 2*j + 6. Let i(u) = u**3 + 8*u**2 - 8*u + 5. Let s be i(-9). Let n be -5*1 + (5 - 5)/s. Determine f(n).
-9
Suppose -3*c = 4*d + 2, c + 0*d + d + 1 = 0. Let u(z) = -z**2 - z - 2. Let a be u(c). Let g(o) = 3*o**2 + o**3 + 93*o + 0 - 96*o - 1. Determine g(a).
-5
Let s(y) = y**3 + 6*y**2 - y - 6. Let z(a) = -a**3 - 35*a**2 - 35*a - 40. Let o be z(-34). Calculate s(o).
0
Let d(j) = j + 16. Let m be d(-11). Suppose -m*o = 5 - 20. Let y(h) = -4*h**2 + 2*h**2 - 1 + 4*h**2 - h**o. Determine y(2).
-1
Suppose -53 = -4*n - 61. Let x(u) = -2*u + 4. What is x(n)?
8
Let o(w) be the second derivative of w**5/20 - w**4/2 + w**3 + 5*w**2/2 + 2*w. Let r(m) = -2*m + 35. Let t be r(15). Determine o(t).
10
Let q be 1265/25 - 6/(-15). Suppose 0 = -7*n - q - 33. Let j = n + 14. Let i(w) = 2*w**3 - 3*w**2 + 2*w - 3. Calculate i(j).
5
Let s(q) = -9*q**2 + 22*q**2 - 21*q**2. Suppose -2*g + 2 + 0 = 0. Determine s(g).
-8
Let k(b) = -4. Let o(v) = 3. Let n(g) = 2*k(g) + 3*o(g). Let d(r) = -r - 10. Let c be (-2)/3 + 10/6. Let h(w) = c*d(w) + n(w). Determine h(-5).
-4
Let y = 39 - 20. Let x = 13 - y. Let b(m) = -m**2 + 5*m + 2. Let z(q) = -q**2 - q + 1. Let l(t) = b(t) - 2*z(t). Calculate l(x).
-6
Let h(a) = -5399 + a**3 + 2693 + 2*a - 6*a**2 + 2700. Give h(6).
6
Let g(d) = -3*d**2 + d - 1. Let b = -70 - -67. Calculate g(b).
-31
Let d = 464 + -467. Let b(y) = -y**3 - y**2 - 6*y - 5. Give b(d).
31
Let h(s) = s**3 - 8*s**2 + 11*s + 10. Let z be h(7). Let a be 8/3 - z/57. Let i(v) be the third derivative of 5*v**4/24 + v**3/6 + 2*v**2. Give i(a).
11
Let n(p) = 11*p - 30. Suppose -25*s + 66 = -3*s. Give n(s).
3
Let h(r) be the first derivative of 1/2*r**2 - 2 - 6*r. Suppose 11*d + 52 = 24*d. Determine h(d).
-2
Let p(g) = -6*g**2 + g + 4. Let a(k) = -5*k**2 + k + 3. Let u(m) = 3*a(m) - 2*p(m). Let l(r) be the first derivative of u(